nd 5515?
5
What is the greatest common divisor of 20 and 380?
20
Calculate the highest common divisor of 10 and 164.
2
Calculate the greatest common factor of 213 and 71.
71
Calculate the highest common factor of 198 and 55.
11
What is the greatest common factor of 77 and 133?
7
What is the highest common factor of 525 and 1113?
21
What is the highest common divisor of 4 and 2500?
4
Calculate the highest common factor of 42 and 231.
21
Calculate the greatest common divisor of 45 and 360.
45
Calculate the greatest common divisor of 11209 and 33.
11
Calculate the greatest common factor of 432 and 72.
72
Calculate the greatest common divisor of 1924 and 740.
148
What is the greatest common divisor of 3116 and 164?
164
What is the greatest common factor of 20 and 32?
4
Calculate the highest common divisor of 3648 and 114.
114
Calculate the highest common factor of 1604 and 21253.
401
What is the highest common factor of 154 and 88?
22
What is the greatest common factor of 1037 and 61?
61
What is the greatest common divisor of 12 and 2742?
6
What is the highest common factor of 78 and 486?
6
What is the greatest common divisor of 23850 and 318?
318
Calculate the highest common factor of 980 and 385.
35
What is the greatest common factor of 665 and 95?
95
What is the greatest common divisor of 35 and 2058?
7
Calculate the greatest common divisor of 2970 and 627.
33
Calculate the greatest common factor of 421 and 6.
1
What is the greatest common factor of 39 and 40625?
13
What is the highest common factor of 1 and 64?
1
Calculate the highest common factor of 671 and 11.
11
Calculate the highest common factor of 1368 and 1416.
24
Calculate the greatest common divisor of 506 and 22.
22
What is the highest common divisor of 882 and 1044?
18
What is the highest common divisor of 716 and 1969?
179
Calculate the greatest common factor of 1530 and 36.
18
What is the highest common factor of 22 and 638?
22
Calculate the greatest common factor of 665 and 2065.
35
What is the highest common factor of 77 and 77?
77
What is the greatest common factor of 312 and 24?
24
Calculate the highest common divisor of 1326 and 546.
78
What is the greatest common divisor of 28 and 324?
4
What is the greatest common divisor of 34219 and 19?
19
Calculate the highest common factor of 277 and 277.
277
Calculate the greatest common divisor of 783 and 4379.
29
What is the highest common factor of 208 and 216?
8
Calculate the highest common factor of 2370 and 30.
30
What is the greatest common divisor of 144 and 32?
16
What is the greatest common divisor of 148 and 4?
4
Calculate the greatest common divisor of 1976 and 40.
8
What is the highest common divisor of 20 and 16580?
20
What is the highest common factor of 2205 and 90?
45
Calculate the highest common factor of 156 and 1300.
52
What is the greatest common divisor of 1275 and 75?
75
What is the greatest common factor of 30 and 3645?
15
Calculate the greatest common factor of 531 and 18.
9
Calculate the highest common divisor of 11 and 4037.
11
Calculate the highest common factor of 264 and 1650.
66
What is the greatest common factor of 112 and 19376?
112
What is the greatest common divisor of 294 and 6?
6
What is the highest common divisor of 184 and 128?
8
What is the greatest common divisor of 792 and 88?
88
What is the highest common divisor of 930 and 30?
30
What is the highest common divisor of 1955 and 115?
115
What is the greatest common factor of 10 and 770?
10
Calculate the greatest common divisor of 46 and 437.
23
What is the highest common factor of 104 and 221?
13
What is the highest common factor of 1541 and 46?
23
What is the highest common divisor of 10 and 788?
2
What is the highest common divisor of 649 and 472?
59
Calculate the highest common factor of 12 and 84.
12
What is the greatest common divisor of 3638 and 918?
34
Calculate the greatest common factor of 224 and 2674.
14
What is the highest common divisor of 1463 and 14?
7
Calculate the highest common divisor of 221 and 1261.
13
Calculate the highest common factor of 3108 and 56.
28
Calculate the greatest common divisor of 18 and 242.
2
What is the highest common factor of 1125 and 60?
15
What is the greatest common factor of 32 and 200?
8
Calculate the highest common factor of 9276 and 12.
12
What is the highest common factor of 415 and 10?
5
What is the highest common divisor of 6355 and 1435?
205
Calculate the greatest common divisor of 19 and 95.
19
What is the highest common divisor of 95 and 50?
5
Calculate the highest common factor of 117 and 130.
13
Calculate the highest common divisor of 12 and 540.
12
Calculate the highest common divisor of 104 and 32.
8
Calculate the greatest common factor of 280 and 5.
5
Calculate the greatest common divisor of 26 and 143.
13
What is the highest common divisor of 1183 and 39?
13
Calculate the greatest common factor of 57 and 969.
57
What is the highest common factor of 370 and 74?
74
What is the greatest common factor of 2108 and 248?
124
What is the greatest common factor of 4840 and 16?
8
Calculate the greatest common divisor of 462 and 264.
66
Calculate the highest common factor of 61 and 366.
61
What is the greatest common factor of 260 and 1885?
65
Calculate the greatest common factor of 1159 and 95.
19
Calculate the highest common divisor of 972 and 60.
12
Calculate the highest common factor of 248 and 527.
31
Calculate the highest common divisor of 678 and 1469.
113
What is the greatest common factor of 9401 and 119?
119
Calculate the highest common divisor of 1353 and 1749.
33
What is the highest common factor of 16 and 28808?
8
What is the greatest common factor of 274 and 411?
137
What is the greatest common factor of 2014 and 53?
53
Calculate the highest common divisor of 1125 and 9.
9
Calculate the greatest common divisor of 160 and 4790.
10
Calculate the greatest common factor of 92 and 2323.
23
What is the highest common factor of 510 and 136?
34
Calculate the highest common factor of 9 and 81.
9
Calculate the greatest common factor of 96 and 352.
32
Calculate the highest common factor of 73 and 2117.
73
What is the greatest common factor of 262 and 4?
2
What is the greatest common factor of 50 and 14650?
50
What is the greatest common divisor of 2327 and 143?
13
What is the highest common factor of 441 and 189?
63
What is the greatest common divisor of 3738 and 294?
42
What is the highest common factor of 441 and 18?
9
Calculate the greatest common divisor of 752 and 208.
16
Calculate the greatest common factor of 14 and 22.
2
What is the greatest common factor of 47 and 1?
1
What is the highest common divisor of 1950 and 104?
26
What is the highest common factor of 32 and 224?
32
What is the greatest common divisor of 11 and 1859?
11
Calculate the highest common factor of 1560 and 91.
13
Calculate the highest common factor of 25 and 2415.
5
Calculate the highest common factor of 38 and 13794.
38
Calculate the highest common divisor of 170 and 470.
10
What is the highest common factor of 12 and 492?
12
Calculate the greatest common divisor of 9 and 96.
3
What is the highest common divisor of 1073 and 145?
29
What is the highest common factor of 249 and 57?
3
Calculate the highest common divisor of 5 and 272.
1
What is the highest common factor of 7392 and 816?
48
Calculate the highest common divisor of 9690 and 330.
30
What is the greatest common divisor of 4661 and 59?
59
What is the greatest common divisor of 210 and 1030?
10
What is the greatest common factor of 799 and 136?
17
Calculate the highest common factor of 1358 and 291.
97
What is the highest common divisor of 7831 and 41?
41
What is the highest common factor of 1345 and 10?
5
What is the highest common factor of 1254 and 66?
66
Calculate the highest common factor of 1408 and 44.
44
Calculate the highest common divisor of 6 and 402.
6
Calculate the highest common factor of 89 and 39071.
89
What is the highest common divisor of 93 and 217?
31
What is the highest common divisor of 560 and 20?
20
Calculate the highest common divisor of 207 and 18.
9
What is the highest common divisor of 8 and 424?
8
What is the greatest common divisor of 1168 and 32?
16
What is the highest common divisor of 7 and 1043?
7
Calculate the highest